-1 - -2 - (0 + 1)?
0
3 + -2 + (-2 - 6) + 2
-5
Calculate -1 + -6 - (-22 - -18).
-3
What is the value of (-4 - -4) + 1 + -4?
-3
What is (-7 - (-15 - -7)) + 3?
4
-4 - (11 + -2 + -4 - 0)
-9
Evaluate -4 - (-2 + 1 + 2).
-5
Evaluate -9 - ((-1 - -2 - -3) + -8).
-5
Evaluate 2 + -4 + 2 - (-26 + 23).
3
Calculate 7 + (-6 - 3 - 1).
-3
What is (-3 - -1 - -4) + (5 - 7)?
0
Calculate -7 + 3 + -2 + 3.
-3
What is (-6 - -13) + -6 + (-1 - 0)?
0
What is the value of 1 + (-4 - -4 - -3)?
4
What is 0 - 7 - (-23 - 6 - -24)?
-2
(-4 + (-1 - -3) - 0) + 6
4
-4 - (3 + -9) - -3
5
What is the value of 3 + 0 + -10 + 10?
3
Evaluate -3 - 7 - (4 + -5).
-9
Calculate 0 - (1 + 2 + (-11 - -3)).
5
What is -9 + (-4 - (-4 - 3))?
-6
Evaluate -1 + 1 + 4 + -7.
-3
What is the value of 2 + -9 + 3 - 0?
-4
What is 6 + -1 + -3 + 0?
2
1 - (-10 + 5) - 16
-10
Evaluate 1 + -4 - (-7 + 3) - 6.
-5
Evaluate 3 + (5 - (10 - 2)).
0
(2 - 6 - 2) + 2
-4
Evaluate 6 - (19 + -8) - (-5 - -1).
-1
What is (19 - (11 - -10)) + (9 - 1)?
6
Calculate (-7 - -3) + 1 - -3.
0
What is the value of (5 - 2) + (3 - 1) + -10?
-5
What is the value of -3 + (1 + (8 - -1) - 2)?
5
What is the value of 3 + 8 + -20 + 5?
-4
-8 + 9 + 6 + -8
-1
What is -12 + (5 - (-3 + -8))?
4
Calculate -44 + 41 + -4 + 1.
-6
What is the value of -4 - (-11 + 12 - 7)?
2
Evaluate 12 + -23 - (-8 - (4 + -7)).
-6
3 + 0 + 2 + -11 + 11
5
(218 - 209) + (1 + -2 - 3)
5
What is (-1 - 0) + (14 - 7)?
6
What is (2 + 11 - 3) + -12?
-2
Evaluate -2 + 2 + (2 - -3).
5
0 + -5 + 3 - 3 - -2
-3
What is the value of -8 - (-2 - (2 + 3)) - -10?
9
(8 - 15) + 0 - (-1 - 3)
-3
0 - (-7 + 5 + -2)
4
Calculate 6 - (6 + 5 + -4).
-1
What is -10 + -4 + 10 - 2?
-6
What is the value of 2 + (-2 - -2 - 4)?
-2
(-2 - -12) + -2 - 4
4
Calculate -5 - ((-1 - (2 - -2)) + 1).
-1
Calculate 12 - (-1 - -7) - 0.
6
What is (-9 - -5 - (-2 - 2)) + -3?
-3
What is the value of (-3 - (-1 - -1)) + 1 + 7?
5
(14 - 14 - 5) + (2 - -1)
-2
What is (18 - (8 + 4)) + -12?
-6
What is the value of (6 - (8 - 3 - 0)) + 5?
6
What is -5 - (-6 + 6 - (-6 - -4))?
-7
Evaluate 3 - (-1 - -5) - (-1 - -5).
-5
What is the value of -4 - (-7 + 4 - -7) - -3?
-5
9 - (17 + (-2 - -2))
-8
Evaluate -2 - ((33 - 33) + -1 + 3).
-4
1 + (1 - ((-3 - -1) + 5))
-1
Evaluate (1 - -2 - (-3 + 4)) + -3.
-1
Evaluate 2 - (-10 + -1 + 7).
6
Calculate -5 - (-12 + 1) - (6 + 2).
-2
Evaluate -25 + 23 + -5 + 1.
-6
Evaluate -3 + -2 + (-1 - -1).
-5
-8 - -1 - (-18 + (10 - -7))
-6
Evaluate -4 + 4 + -3 + 3 + -5.
-5
2 - 1 - (4 + -5)
2
Evaluate 25 + -32 + 9 + -1 + 6.
7
Evaluate 4 + -6 - (1 + 0).
-3
What is the value of 1 - (0 + (-5 - -5) - 3)?
4
What is the value of -18 - -16 - (-4 + 0)?
2
Calculate (-1 - 0 - 3) + 2.
-2
Evaluate -1 + 4 - -1 - (5 + 5).
-6
What is (9 - 2) + (-1 - (-3 + 5))?
4
What is -13 + 8 + -4 + (5 - 3)?
-7
What is the value of 4 - (6 + -12 - (2 - 5))?
7
Calculate (5 - 0 - -3) + -6.
2
What is the value of -13 + (-25 - -24 - (1 - 5))?
-10
Evaluate (1 - 0) + (8 - 13) + 4.
0
-16 - ((-3 - -2) + -30 + 24)
-9
What is the value of 2 + (-5 - 1) + 5?
1
(-7 + (0 - -5) - -2) + 3
3
Calculate 21 + 4 + -9 - 9.
7
Evaluate -6 + 0 + (-2 - -4 - -1).
-3
6 + -1 + (0 - 0)
5
-35 + 26 + -1 + 8
-2
What is (9 - 3) + 3 + -4?
5
What is the value of -5 + 3 + -9 + (28 - 25)?
-8
3 + (1 - -3) + -2 + -4
1
Evaluate (-1 - -6 - (7 + 1)) + -4.
-7
What is (-2 - -1) + -1 + 124 + -119?
3
Evaluate -6 + -4 + (3 - -11).
4
What is (-6 - 1) + (2 - 0) + 4?
-1
(3 - (5 - -1)) + (4 - 0)
1
What is the value of 4 - ((-1 - 0) + -1 + 10)?
-4
What is 0 - -2 - -2 - (44 - 42)?
2
What is -1 + -5 + (52 - 51) - -10?
5
What is the value of -2 - (-5 + 5 - 3)?
1
What is the value of -5 - 0 - (61 + -63) - -7?
4
-3 + -11 + 4 + 5
-5
-2 + -2 + (-3 + 3 - -1)
-3
What is the value of (0 - 5 - 3) + 48 + -47?
-7
Evaluate -7 - -5 - -4 - -2.
4
Calculate 2 + -1 + 39 + -39.
1
Calculate 2 - -1 - (-9 - -13).
-1
Evaluate (6 - 2) + (4 - -3 - 3).
8
(-6 + -2 - -11) + 1 + 0
4
Evaluate -4 + 0 - (-1 + -4) - 3.
-2
What is the value of 3 - (-8 + 0 + (2 - -5))?
4
Evaluate -3 + 8 + (2 + -3 - 2).
2
What is the value of (7 - 1) + -4 - (-12 - -7)?
7
Calculate -3 + 1 + (1 - -6 - 6).
-1
Calculate (-2 - 0) + 3 - (-41 - -41).
1
5 - (0 + 4 + -1)
2
Calculate 40 - 50 - (-4 - -1).
-7
What is 1 + 0 + -4 + -1?
-4
Evaluate 6 - 7 - -1 - 4.
-4
What is the value of (0 - 0) + (-5 - -6)?
1
Evaluate 4 - 2 - (11 + -5) - -1.
-3
-13 + 6 + -2 + 6 + 0
-3
What is 1 + 0 + 3 + -3 + 1?
2
What is -10 - 4 - -2 - -9?
-3
What is (-4 - -7) + 0 - 1?
2
(4 - 0) + -8 + 5
1
Evaluate -3 + 2 + 0 + 2.
1
-19 + 8 + 14 + 0
3
Evaluate (-11 - (-4 - 4)) + -1 + 2.
-2
What is the value of 7 + 4 + -5 - 2?
4
Evaluate 3 + 8 + -4 + 5 + -2.
10
What is the value of 8 - (-2 + 1 + 2) - 3?
4
Evaluate 2 + 0 - (-1 - (-11 + 9)).
1
What is the value of -141 + 146 + (2 - (-1 + 1))?
7
-5 + 8 - (-2 - -9)
-4
Evaluate (4 - 7) + 2 - -8 - 3.
4
What is the value of 13 - (9 + 13) - -3?
-6
Evaluate (10 - 13) + 1 + 6.
4
What is 4 + (-2 + -1 - -3)?
4
-5 - (-9 - -5) - 2
-3
Evaluate (-8 - (-11 - (4 - 9))) + 5.
3
Evaluate 2 + (-5 - -2 - 2 - -1).
-2
Evaluate -8 - -2 - (1 + -3).
-4
Calculate (-9 - -4) + 4 + 1.
0
1 + 6 + 7 + -2 - 6
6
Calculate (4 - 1) + 1 + (-11 - -4).
-3
What is -1 + 3 + (-1 - -4)?
5
Calculate (-5 - (5 - 0)) + (1 - -2).
-7
Calculate 4 - (-6 - -17 - 6).
-1
What is the value of -5 + (5 - (2 + -4)) + -3?
-1
What is (-3 - (0 - 5)) + 4?
6
(2 - -6) + -19 + (12 - 3)
-2
What is the value of 0 - 4 - (-9 - (2 + -5))?
2
What is 2 - (3 - 9) - (2 + 6)?
0
-12 - -7 - -1 - -8
4
What is the value of 7 + 2 + -8 - -1?
2
What is -1 + (-16 + 6 - -6)?
-5
What is the value of 5 + (-6 - (-10 + 4))?
5
-7 + (9 - 11 - -4)
-5
What is (18 - 24) + (-1 - 0 - -2)?
-5
Evaluate (-3 + (9 - 5) - 2) + 2.
1
What is the value of 2 + (5 - 2 - 3)?
2
What is the value of 7 - 10 - (-10 - 0)?
7
-6 + 9 + 4 + (1 - 0)
8
What is the value of -5 - -5 - (15 + -7)?
-8
(-9 - 0 - -7) + 1
-1
Evaluate 8 - -4 - 7 - -1.
6
Calculate (-7 - -7 - 1) + (11 - 2).
8
What is 11 - ((0 - 6) + 11)?
6
What is the value of -11 + (16 - (0 + 6))?
-1
What is 17 - (6 + 7) - 9?
-5
51 + -49 + (-1 - -2) + 0
3
Evaluate 0 + 4 + -8 + 7.
3
Evaluate (-1 - 2) + -33 + 33.
-3
7 - (5 + (-2 - -3))
1
What is the value of 2 - 7 - (2 - (0 + 4))?
-3
What is the value of -17 + 19 + -8 + 9?
3
What is the value of 0 + (-1 - (6 - 11))?
4
What is the value of (-1 - -4) + (-9 + 6 - 8)?
-8
What is the value of -9 + 10 - (3 + 2)?
-4
Evaluate -2 - -1 - (0 - -3 - 9).
5
(40 - 48) + 12 + 0
4
Evaluate 3 - (18 + -9) - -4.
-2
What is (-1 - -2) + 0 - 2 - -6?
5
What is the value of (-12 - (-1 - 4)) + 2?
-5
7 + 13 + -2 + -7
11
(-4 - (-5 + -3)) + -4
0
Evaluate -1 + (1 - -3) + -5.
-2
Calculate 4 - (6 + -1 + (0 - 3)).
2
Evaluate (-37 - -35) + (3 - (3 - 2)).
0
Calculate -2 + -2 + -3 + 5.
-2
What is the value of -1 + -2 + 5 + -6?
-4
What is -4 + (5 - (-6 + 8 - -1))?
-2
-2 + (-4 - (-6 + -8 + 0))
8
What is 0 + 1 + (2 - 9)?
-6
Calculate -8 - (-19 + 13 - (-4 + 1)).
-5
-4 - (-3 + (0 - 0 - -3))
-4
Calculate 0 - -3 - (36 + -36) - 2.
1
6 + -9 + -1 + 7
3
Calculate 2 + -4 + 0 + 2.
0
What is -6 + 11 + (6 - 10)?
1
What is the value of (1 - 0) + -48 + 44?
-3
Calculate 0 + (1 + (0 - -1) - 5).
-3
What is the value of (-1 - (2 + -2)) + (-7 - -6)?
-2
Evaluate -1 + (2 + 4 - 5) - -2.
2
What is -11 + 8 - (-3 + 2 + -2)?
0
What is (-3 + (-2 - -2) - -3) + -4?
-4
What is -4 + 3 + 1 + 2?
2
Calculate -12 - (-15 - -9) - -13.
7
-9 + 11 - (-2 - 0) - 5
-1
Calculate 0 + -5 + (-3 - -1) + 4.
-3
Calculate -8 + 4 + 0 + 7.
3
Evaluate -5 + -1 + 2 - (-201 - -198).
-1
-4 + 0 - (-5 - -1)
0
Evaluate -29 + 8 + 0 - -13.
-8
14 - 11 - (1 + 2)
0
(2 - -2) + (0 - 2)
2
10 + -14 + 6 - (-1 - 1)
4
What is the value of -62 + 54 - (-2 - -1)?
-7
Evaluate -1 - (1 + -5 + 2 + 2).
-1
What is 6 - 7 - (1 + -2 + -1)?
1
What is 3 - (-5 - (4 + -8))?
4
What is (-4 - -2) + -2 + 0 + 1?
-3
(-16 - -18) + -1 + 4 + -3
2
What is -1 - ((-2 - -5) + -1)?
-3
What is the value of -9 - 3 - (12 + -23)?
-1
Evaluate -6 - (1 - (17 - 13)).
-3
What is the value of -5 - ((2 - -5) + -7)?
-5
Evaluate 6 + -6 - (5 + 0).
-5
What is (-7 - (-2 - 2)) + 3?
0
(5 - 6) + -4 - 1 - -2
-4
What is the value of (-20 - -6 - -9) + 0 + 5?
0
Evaluate -2 - 1 - (6 + -20 - -12).
-1
Evaluate -2 + -10 + 11 + (-1 - -4).
2
What is 0 + 0 + 0 - (0 - -2)?
-2
Evaluate -12 - -11 - (-9 - (3 + -3)).
8
7 - (-1 + (5 - -3))
0
2 - 